20*c**5 - 5/4*c**4 - 15*c + 0 + 19/2*c**2. Let p be k(16). Let v(n) = -n**2 + 2*n + 2. Determine v(p).
-1
Let v(w) = w**3 - 12*w**2 + 13*w - 20. Let n = 8 - -3. Let m be v(n). Let q(s) = -10*s**2 + 15*s**2 - 4*s**m + 1. What is q(3)?
10
Let a be 0 + (-4 + 3)*1. Let b = 9 - 7. Let i(s) = -11*s**2 - s + 2 + b + 9*s**2 - 5. Give i(a).
-2
Let o be (4/10)/(4/(-20)). Let a be (12/(-18))/(0 - o/(-3)). Let i be 12/a - (-9)/((-3)/1). Let x(r) = 2*r - 13. Determine x(i).
5
Let p be 6/30*0*-1 + 99. Suppose 86*o + p = 95*o. Let b(g) = g**3 - 12*g**2 + 9*g + 8. Determine b(o).
-14
Suppose 6*p - p = -4*w + 6, -3*p - 5*w + 1 = 0. Let h = 211 - 208. Let u(y) = y + 4*y**p + 7*y - 6*y**h + 6 - 4*y + 5*y**3. Calculate u(5).
1
Let w(q) = 10*q + 622. Let m be w(-64). Let t(s) = 11*s + 197. What is t(m)?
-1
Let g(p) = -5*p + 7480 + 2*p**2 - 7487 - p**3 - 7*p**2. Calculate g(-4).
-3
Let v be 24*((-2)/24)/((-7)/21). Let s(l) = -14*l**2 - 8*l + 22. Let h(z) = -12*z**2 - 8*z + 22. Let x(u) = v*h(u) - 5*s(u). Give x(-6).
-2
Suppose 5*r = 20 - 0. Let a(w) = 150*w + 902. Let z be a(-6). Let x(c) = r + 7*c + 12*c**2 - c - 7*c**z - 6*c**2. Calculate x(5).
9
Let g = 2 - 3. Let d(v) be the first derivative of -v**4/2 - 2*v**3/3 - v**2/2 + 10389. Calculate d(g).
1
Let q(k) = -k**3 + 10*k**2 - 17*k + 16. Let a be q(7). Let r = a - -36. Let t(f) = 1 + 78*f - r*f - 2. Determine t(-9).
17
Let q(f) be the third derivative of -f**6/120 - f**5/4 - f**4/3 + 32*f**3/3 + 7*f**2 - 127*f. What is q(-14)?
-20
Let y(j) = -j**2 + 20*j - 17. Suppose -5*n = -u - 6, -75*u + 70*u + 6*n = -65. What is y(u)?
2
Let w(c) = -c**2 - 11*c + 247. Suppose 436*d - 438*d + 14 = -4*j, 3*j + 49 = 5*d. Calculate w(d).
5
Let z(w) = -2*w**3 + 7*w**2 - w - 9. Suppose -j = -5*g + 24, -146*j + 22 = 4*g - 144*j. Determine z(g).
-89
Let g be (5 - 3)/(2*5/(-55)). Let y(c) = -14*c**2 - 21*c + 11. Let v(m) = 30*m**2 + 42*m - 23. Let w(p) = 6*v(p) + 13*y(p). What is w(g)?
-6
Let d(c) = 2*c**2 - 126*c + 2 + 18*c**3 + 132*c + 3*c**2 - 17*c**3. Calculate d(-6).
-70
Let d(j) = 4*j**2 - 77*j - 2. Let b be d(19). Let t(g) = -g**3 - 22*g**2 - 15*g + 132. Let o be t(b). Let u(m) = m**2 - 7*m + 3. Calculate u(o).
-3
Suppose -s = -39 + 39. Let t(n) be the third derivative of -n**5/60 - n**4/24 + n**3/2 + n**2 - 12*n. Calculate t(s).
3
Suppose 0 = 4*j + v - 206, 22*v - 23*v + 50 = j. Let f = -49 + j. Let l(c) = -c**3 + 3*c**2 - 5*c + 2. Calculate l(f).
-13
Let a be (-8)/48*6 + 5. Let f(b) = 2*b**2 + 8*b - 13. What is f(a)?
51
Let y(d) = -6*d + 40. Let r be y(7). Let q(f) = -f**2 - 4. Let b be q(r). Let u be (-54)/b + (-2)/(-8). Let w(c) = -c**3 + 6*c**2 + 6*c + 8. Determine w(u).
1
Let v(d) = -d**3 - 7*d - 9 - 10*d**2 + 18*d - 6*d + 0*d - 2*d**3. What is v(-4)?
3
Let m(i) = -16*i - 17. Suppose -2*l = -3*q - 25, -4*l = 656*q - 652*q. Give m(q).
63
Let f(v) = v**2 - 8*v + 14. Let i be f(6). Let r(j) = 270*j**i - 6*j - 2*j - 263*j**2 + j**3 - 10. Calculate r(-8).
-10
Let a(r) = -6*r - 4*r + 4 - 3*r + 15*r. Suppose -6*f - 294 = 492. Let j = -134 - f. Determine a(j).
-2
Let x(n) = 106 + 1692*n - 3412*n + 1702*n. Let i be x(6). Let g(w) = 2*w. Determine g(i).
-4
Let i(u) = -5*u + 6. Let n(o) be the third derivative of -o**4/24 - 3*o**2. Let x be n(-3). Let d be x/(1/(-3)*(-45)/25). What is i(d)?
-19
Let d(n) = -4*n + 1 + 0*n - 9. Let j be d(-3). Suppose 14*g - 60 = j*g. Let c(u) = -u + 12. Calculate c(g).
6
Let n(o) be the third derivative of 7*o**4/24 - 2*o**3/3 + 9*o**2 - 2*o - 2. Calculate n(-5).
-39
Let q(l) = l**2 - 11*l - 25. Let i(p) = 12*p**2 + 44*p - 4. Let o be i(-4). What is q(o)?
-13
Let z be (0/(0 + -2))/(-1). Suppose -3*r + 12 - 6 = z. Let v(y) = -3*y + 8*y**r + 7*y - 6*y**2 + 4 - y. Give v(-3).
13
Let d be 0 + (-972)/(-270)*(-10)/6. Let o(n) = n**2 + 6*n + 26. Determine o(d).
26
Suppose -4*p + 7633 - 7613 = 0. Suppose 5*c - 3*y - 2 = 1, -5*y = 4*c - 32. Let f(i) = -97 + p*i - c*i + 98. Give f(-1).
-1
Let l(g) be the third derivative of 0*g + 1/3*g**3 - 7/24*g**4 - 120*g**2 + 0. Give l(4).
-26
Let b(j) be the second derivative of -7/2*j**2 + 1/6*j**3 - j + 0. Suppose -14873 + 14486 = -43*g. Give b(g).
2
Let m(i) = -3*i**2 - 128*i - 127. Let v be m(-1). Let d(b) = 6*b**2 - 8*b - 24. Determine d(v).
16
Let z(y) be the second derivative of -5/12*y**4 + 1/20*y**5 - y + 3/2*y**2 + 36 - 4/3*y**3. Give z(6).
-9
Let t(u) = 11*u**2 + 39*u - 51. Let v(z) = 4*z**2 + 13*z - 17. Let r(p) = -3*t(p) + 8*v(p). Let g = -1639 + 1624. Determine r(g).
-13
Let q(f) be the second derivative of 0*f**3 + 1/60*f**5 + 0 - 1/180*f**6 - 13/6*f**4 + 0*f**2 + 13*f. Let y(j) be the third derivative of q(j). Determine y(2).
-6
Let m be (5 - -1)*(-2)/(-3). Let n(i) be the first derivative of -i**3/3 - 3*i**2/2 + 6*i - 4186. Give n(m).
-22
Let z(n) = 0*n - 7 + 8 - 3 + 3*n**2 - 2*n + n**3. Let q(d) = 6*d + 21. Let f(c) = -6*c**3 + 3*c**2 - 1. Let w be f(1). Let k be q(w). Calculate z(k).
4
Let v(w) = -11 - 2 + 0*w + w**2 - 9*w. Suppose 4*k - 10 = -3*p - 0*p, -2*k + p + 30 = 0. Calculate v(k).
-3
Let d(l) = 7. Let c(y) be the third derivative of -y**4/24 + 2*y**3 + 158*y**2. Let n(h) = -2*c(h) + 3*d(h). Give n(4).
5
Suppose 4*c - 8 = 0, 7*k + 10 = 9*k + 3*c. Let x(l) = 6*l + 32. Let p(y) = -y - 4. Let z(o) = k*x(o) + 14*p(o). What is z(-6)?
20
Let b(v) = -5*v - 1. Let y(o) = 13*o**2 + 8*o + 2. Let c(x) = -5*b(x) - 3*y(x). Calculate c(1).
-39
Let k(y) be the third derivative of -67*y**6/120 - y**5/60 + y**4/12 - y**3/6 + 1482*y**2. What is k(1)?
-67
Let b(a) = 14*a + 153. Let z be 1/1*(-80)/(-320)*(-132)/3. What is b(z)?
-1
Let z(h) = -h**2 - 17*h + 52. Let o be ((-8)/(112/266))/1. Determine z(o).
14
Let x(w) be the first derivative of w**2 - 45*w + 61. Give x(22).
-1
Let d(y) = y**3 - 3*y**2 - 2*y - 9. Let i be (-25)/(-7) - (-8)/14*15/20. Calculate d(i).
-1
Let k(b) = b**3 + 14*b**2 + 28*b + 41. Let a be k(-12). Let m(j) = -5*j**2 - 35*j - 6. Let n be m(a). Let y(z) = z**3 + 5*z**2 - 3*z + 7. Give y(n).
-11
Let l be (5 - 0) + (-6 - 2). Let b(t) = -26*t**3 + 4*t**2 + 7*t + 2. Let w be b(l). Let p(a) = 3 - 714*a - 4 + w*a. Calculate p(3).
14
Let v(h) = -3*h - 7. Suppose 34*w - 96 = 38*w. Let b(x) = -2*x**3 - 47*x**2 + 26*x + 40. Let g be b(w). What is v(g)?
17
Let r = -536 - -538. Let i(p) = -1 + 20*p**r + 1160*p - 1160*p. Determine i(1).
19
Suppose -55 + 59 = -2*v. Let p be v/13 + (-3045)/(-273). Let a(m) = -m + 16. Give a(p).
5
Let n(a) = -14*a**2 - 40*a - 90. Let b(m) = -5*m**2 - 14*m - 30. Let w(y) = -17*b(y) + 6*n(y). Suppose -41*z + 98 = -27*z. Determine w(z).
5
Let d(n) = -34*n**3 - 23*n**2 + 7*n + 48. Let p(z) = 29*z**3 + 21*z**2 - 7*z - 48. Let b(k) = -6*d(k) - 7*p(k). What is b(7)?
-1
Let h(s) = -3*s**3 - 1 + 91*s + s**2 - 152*s + s**2 + 58*s. Give h(2).
-23
Let a(m) = 167*m - 1344. Let r be a(8). Let v(s) = -2*s**2 - 11*s - 11. Calculate v(r).
-51
Let h(r) = -4*r**2 + 8*r - 29. Let l(p) = 5*p**2 - 8*p + 36. Let q(w) = 4*h(w) + 3*l(w). Let y = -84 + 90. What is q(y)?
4
Let j(c) = 2*c - 11. Let u be 266/(-30) + (5 - 385/75). Let o be j(u). Let n = -29 - o. Let y(t) = -t + 1. Determine y(n).
1
Let q be 0 + (-2 - (4 - 4)). Let j = q - -8. Let h(u) = -9 + 3*u**2 + 2*u**2 + 4*u + u**2 + u**3 - 12*u**2. Give h(j).
15
Let f(l) = -l**3 - 4*l**2 + 2*l + 8. Suppose -4 = -k, 3 = 4*h + 4*k - 5. What is f(h)?
-4
Let h be ((-3)/(-1) + -2)/(3/21). Let o = 20 - h. Let y(a) = 3 - 6*a - 8*a + o*a. Determine y(-4).
7
Suppose 4*k + 62 + 2 = 4*v, -3*v + 2*k + 38 = 0. Let l(q) = 2 - 15 + q - 1. Calculate l(v).
-8
Suppose 4*g = 5*o - 210, -1450*g + 1453*g - 137 = -4*o. Let m(j) be the first derivative of -o - 5/2*j**2 - 5*j. What is m(-5)?
20
Let u(k) = 2*k**2 - 15*k - 18. Suppose 47*y - 1260 = -129*y + 36*y. Calculate u(y).
9
Let x(i) be the second derivative of i**5/20 + i**4/12 - i**3/2 + 2*i. Let h = -3802 + 3799. What is x(h)?
-9
Let v(m) = -79*m**2 + m. Let n = 1447 + -1448. What is v(n)?
-80
Let s(c) = 58 + 11*c - 11*c + 18*c - 8*c. Calculate s(-6).
-2
Let f(j) be the first derivative of -223 - 7*j - j**2 + 1/3*j**3. Give f(0).
-7
Let p(r) be the third derivative of -r**8/960 - r**7/1260 - r**6/720 - 5*r**4/3 - r**3/6 + 5*r**2 - 1. Let q(c) be the second derivative of p(c). What is q(-1)?
6
Suppose -w + 2*w = 1. Let s(a) be the first derivative of -3*a**5/20 + 